the units digit of 72205820?
0
What is the thousands digit of 24351582?
1
What is the billions digit of 8426901030?
8
What is the hundred millions digit of 161868956?
1
What is the millions digit of 128204672?
8
What is the hundred millions digit of 143510637?
1
What is the hundreds digit of 249585136?
1
What is the ten thousands digit of 10184335?
8
What is the hundreds digit of 2914034204?
2
What is the millions digit of 139257705?
9
What is the hundreds digit of 154846628?
6
What is the ten thousands digit of 72305152?
0
What is the millions digit of 404704391?
4
What is the hundreds digit of 151351597?
5
What is the hundreds digit of 810207900?
9
What is the tens digit of 76093844?
4
What is the tens digit of 56707254?
5
What is the hundred millions digit of 2444981956?
4
What is the tens digit of 1109168239?
3
What is the units digit of 1693793891?
1
What is the hundreds digit of 927202294?
2
What is the hundreds digit of 87948095?
0
What is the ten millions digit of 17452186?
1
What is the units digit of 1062583715?
5
What is the units digit of 623303438?
8
What is the hundreds digit of 44866677?
6
What is the hundred millions digit of 711153659?
7
What is the units digit of 1046278013?
3
What is the hundred millions digit of 213489404?
2
What is the millions digit of 20093033?
0
What is the millions digit of 2035756?
2
What is the thousands digit of 167000960?
0
What is the hundreds digit of 80621751?
7
What is the tens digit of 244019871?
7
What is the hundred thousands digit of 4485361134?
3
What is the hundred thousands digit of 50920058?
9
What is the tens digit of 7238767?
6
What is the hundreds digit of 592050849?
8
What is the ten millions digit of 2413280807?
1
What is the tens digit of 146032088?
8
What is the tens digit of 1894681015?
1
What is the ten millions digit of 44596207?
4
What is the units digit of 4346040228?
8
What is the units digit of 1150905366?
6
What is the ten thousands digit of 7288021?
8
What is the millions digit of 24335702?
4
What is the millions digit of 212534413?
2
What is the thousands digit of 894679?
4
What is the millions digit of 817511208?
7
What is the hundreds digit of 44439082?
0
What is the ten thousands digit of 13202449?
0
What is the hundred millions digit of 836893202?
8
What is the ten thousands digit of 59957267?
5
What is the thousands digit of 150551650?
1
What is the units digit of 1220416280?
0
What is the ten millions digit of 1698675193?
9
What is the ten millions digit of 66903721?
6
What is the hundreds digit of 102962143?
1
What is the tens digit of 849015853?
5
What is the hundreds digit of 781742587?
5
What is the ten millions digit of 27171992?
2
What is the thousands digit of 2619166833?
6
What is the ten thousands digit of 295073943?
7
What is the millions digit of 520870180?
0
What is the ten millions digit of 210709396?
1
What is the tens digit of 4294004?
0
What is the thousands digit of 2363485873?
5
What is the tens digit of 33177277?
7
What is the hundreds digit of 35285688?
6
What is the hundred millions digit of 142878595?
1
What is the millions digit of 281529303?
1
What is the hundred thousands digit of 186583478?
5
What is the millions digit of 352575119?
2
What is the tens digit of 362462952?
5
What is the hundred thousands digit of 368062875?
0
What is the hundred thousands digit of 1611053554?
0
What is the ten millions digit of 175961687?
7
What is the billions digit of 1632176010?
1
What is the units digit of 2462843702?
2
What is the thousands digit of 59246571?
6
What is the units digit of 448477878?
8
What is the thousands digit of 351980259?
0
What is the thousands digit of 25091219?
1
What is the ten thousands digit of 1217789353?
8
What is the ten thousands digit of 1684783961?
8
What is the units digit of 117909345?
5
What is the ten thousands digit of 183681036?
8
What is the hundreds digit of 512042034?
0
What is the thousands digit of 41584284?
4
What is the thousands digit of 86961775?
1
What is the tens digit of 973946242?
4
What is the units digit of 316772607?
7
What is the millions digit of 32770396?
2
What is the units digit of 339944687?
7
What is the ten thousands digit of 4692089042?
8
What is the tens digit of 34529750?
5
What is the thousands digit of 2890939969?
9
What is the units digit of 26457348?
8
What is the tens digit of 39707722?
2
What is the billions digit of 3118688617?
3
What is the millions digit of 3322707388?
2
What is the billions digit of 4930685230?
4
What is the hundred millions digit of 388615437?
3
What is the ten millions digit of 52961879?
5
What is the hundreds digit of 96563615?
6
What is the hundred thousands digit of 74524574?
5
What is the hundred millions digit of 414262884?
4
What is the millions digit of 3955419?
3
What is the ten millions digit of 89803228?
8
What is the units digit of 48207594?
4
What is the millions digit of 146888746?
6
What is the ten millions digit of 568861150?
6
What is the units digit of 2832093980?
0
What is the hundred millions digit of 460011654?
4
What is the ten millions digit of 1986618650?
8
What is the millions digit of 549380986?
9
What is the hundred thousands digit of 41631975?
6
What is the hundred thousands digit of 418802112?
8
What is the hundred millions digit of 116774593?
1
What is the hundred thousands digit of 1235616023?
6
What is the millions digit of 1137976822?
7
What is the hundred thousands digit of 1697693171?
6
What is the ten thousands digit of 42413230?
1
What is the hundred millions digit of 2481130524?
4
What is the millions digit of 159704157?
9
What is the millions digit of 1805410074?
5
What is the tens digit of 113897989?
8
What is the tens digit of 21997987?
8
What is the thousands digit of 239169256?
9
What is the ten thousands digit of 363132364?
3
What is the ten thousands digit of 82231717?
3
What is the billions digit of 5170793560?
5
What is the hundreds digit of 378164882?
8
What is the ten millions digit of 50344329?
5
What is the tens digit of 3927281534?
3
What is the thousands digit of 5523108552?
8
What is the units digit of 68839156?
6
What is the billions digit of 3681149183?
3
What is the millions digit of 38406894?
8
What is the thousands digit of 135080283?
0
What is the millions digit of 370472927?
0
What is the hundreds digit of 6025616403?
4
What is the hundred millions digit of 104792871?
1
What is the thousands digit of 131246?
1
What is the millions digit of 16293401?
6
What is the ten millions digit of 692527934?
9
What is the tens digit of 77528402?
0
What is the ten thousands digit of 798492480?
9
What is the hundreds digit of 24776081?
0
What is the tens digit of 901934387?
8
What is the millions digit of 40401098?
0
What is the ten millions digit of 6231447325?
3
What is the ten thousands digit of 151430077?
3
What is the units digit of 3112457171?
1
What is the hundred thousands digit of 58292726?
2
What is the hundreds digit of 420538321?
3
What is the hundred thousands digit of 67228255?
2
What is the hundreds digit of 7694049?
0
What is the hundred thousands digit of 243847384?
8
What is the hundred thousands digit of 53597890?
5
What is the units digit of 610555821?
1
What is the tens digit of 12031343?
4
What is the ten millions digit of 26565073?
2
What is the billions digit of 3793683428?
3
What is the hundred thousands digit of 64398829?
3
What is the hundred thousands digit of 3646360215?
3
What is the tens digit of 770621337?
3
What is the thousands digit of 4145189651?
9
What is the ten thousands digit of 581474058?
7
What is the ten thousands digit of 53959393?
5
What is the billions digit of 2370614659?
2
What is the hundred thousands digit of 13850028?
8
What is the hundred millions digit of 119124390?
1
What is the ten thousands digit of 259215425?
1
What is the ten millions digit of 70341503?
7
What is the units digit of 523036293?
3
What is the tens digit of 219649064?
6
What is the hundred millions digit of 253035624?
2
What is the hundred millions digit of 817871353?
8
What is the hundred thousands digit of 509601177?
6
What is the ten millions digit of 1208408439?
0
What is the thousands digit of 2297221?
7
What is the hundred millions digit of 272657871?
2
What is the ten millions digit o